{"id":1063,"date":"2023-01-17T17:54:44","date_gmt":"2023-01-17T17:54:44","guid":{"rendered":"https:\/\/www.totalservice.com.co\/?post_type=product&#038;p=1063"},"modified":"2024-01-18T20:05:27","modified_gmt":"2024-01-18T20:05:27","slug":"ut-5000-doble-via","status":"publish","type":"product","link":"https:\/\/www.totalservice.com.co\/?product=ut-5000-doble-via","title":{"rendered":"UT 5000 Doble via"},"content":{"rendered":"<h2>Caracter\u00edsticas Principales:<\/h2>\n<p>&nbsp;<\/p>\n<ul>\n<li>Monitoreo del veh\u00edculo en tiempo real.<\/li>\n<li>Distancia de transmisi\u00f3n del veh\u00edculo al control remoto de hasta 400 metros.<\/li>\n<li>Indicador LCD en el control remoto que informa los eventos<\/li>\n<li>del veh\u00edculo.<\/li>\n<li>Manejo Inteligente de la apertura de ba\u00fal y de seguros<\/li>\n<li>el\u00e9ctricos.<\/li>\n<li>Opci\u00f3n de manejo de bloqueo inteligente sin m\u00f3dulo adicional.<\/li>\n<li>Salida auxiliar programable. Activaci\u00f3n autom\u00e1tica programable. Rearmado programable.<\/li>\n<li>Aprendizaje de controles.<\/li>\n<li>Manejo de seguros desde el m\u00f3dulo con pulsador. * Eliminaci\u00f3n temporal del sensor de golpe y\/o se\u00f1al de vidrios. Memoria de disparo.<\/li>\n<li>F\u00e1cil programaci\u00f3n de funciones por control remoto. Funciones de b\u00fasqueda y valet.<\/li>\n<li>Apagado del veh\u00edculo por puerta del conductor programable.<\/li>\n<li>Inmovilizador programable.<\/li>\n<li>Activaci\u00f3n autom\u00e1tica. Operaci\u00f3n manual del sistema. Memoria de funciones.<\/li>\n<li>Salida de vidrios con funci\u00f3n de seguridad. Funci\u00f3n de cajuela el\u00e9ctrica con relevo interno.<\/li>\n<\/ul>\n","protected":false},"excerpt":{"rendered":"<p>Sistema de seguridad para veh\u00edculos con monitoreo en tiempo real, que env\u00eda se\u00f1ales de alarma al control remoto a distancias de hasta 400 metros.<\/p>\n","protected":false},"featured_media":2324,"template":"","meta":{"site-sidebar-layout":"default","site-content-layout":"default","ast-site-content-layout":"default","site-content-style":"default","site-sidebar-style":"default","ast-global-header-display":"","ast-banner-title-visibility":"","ast-main-header-display":"","ast-hfb-above-header-display":"","ast-hfb-below-header-display":"","ast-hfb-mobile-header-display":"","site-post-title":"","ast-breadcrumbs-content":"","ast-featured-img":"","footer-sml-layout":"","ast-disable-related-posts":"","theme-transparent-header-meta":"default","adv-header-id-meta":"","stick-header-meta":"","header-above-stick-meta":"","header-main-stick-meta":"","header-below-stick-meta":"","astra-migrate-meta-layouts":"default","ast-page-background-enabled":"default","ast-page-background-meta":{"desktop":{"background-color":"","background-image":"","background-repeat":"repeat","background-position":"center center","background-size":"auto","background-attachment":"scroll","background-type":"","background-media":"","overlay-type":"","overlay-color":"","overlay-opacity":"","overlay-gradient":""},"tablet":{"background-color":"","background-image":"","background-repeat":"repeat","background-position":"center center","background-size":"auto","background-attachment":"scroll","background-type":"","background-media":"","overlay-type":"","overlay-color":"","overlay-opacity":"","overlay-gradient":""},"mobile":{"background-color":"","background-image":"","background-repeat":"repeat","background-position":"center center","background-size":"auto","background-attachment":"scroll","background-type":"","background-media":"","overlay-type":"","overlay-color":"","overlay-opacity":"","overlay-gradient":""}},"ast-content-background-meta":{"desktop":{"background-color":"var(--ast-global-color-5)","background-image":"","background-repeat":"repeat","background-position":"center center","background-size":"auto","background-attachment":"scroll","background-type":"","background-media":"","overlay-type":"","overlay-color":"","overlay-opacity":"","overlay-gradient":""},"tablet":{"background-color":"var(--ast-global-color-5)","background-image":"","background-repeat":"repeat","background-position":"center center","background-size":"auto","background-attachment":"scroll","background-type":"","background-media":"","overlay-type":"","overlay-color":"","overlay-opacity":"","overlay-gradient":""},"mobile":{"background-color":"var(--ast-global-color-5)","background-image":"","background-repeat":"repeat","background-position":"center center","background-size":"auto","background-attachment":"scroll","background-type":"","background-media":"","overlay-type":"","overlay-color":"","overlay-opacity":"","overlay-gradient":""}}},"product_brand":[],"product_cat":[123,33],"product_tag":[],"class_list":{"0":"post-1063","1":"product","2":"type-product","3":"status-publish","4":"has-post-thumbnail","6":"product_cat-alarmas","7":"product_cat-carros","8":"desktop-align-left","9":"tablet-align-left","10":"mobile-align-left","12":"first","13":"instock","14":"shipping-taxable","15":"purchasable","16":"product-type-variable"},"yoast_head":"<!-- This site is optimized with the Yoast SEO plugin v26.7 - https:\/\/yoast.com\/wordpress\/plugins\/seo\/ -->\n<title>UT 5000 Doble via - Total Service Car Audio<\/title>\n<meta name=\"description\" content=\"Sistema de seguridad para veh\u00edculos con monitoreo en tiempo real, que env\u00eda se\u00f1ales de alarma al control remoto a distancias de hasta 400 metros.Caracter\u00edsticas Principales: \u2022 Monitoreo del veh\u00edculo en tiempo real.\u2022 Distancia de transmisi\u00f3n del veh\u00edculo al control remoto de hasta 400 metros.\u2022 Indicador LCD en el control remoto que informa los eventos\u2022 del veh\u00edculo.\u2022 Manejo Inteligente de la apertura de ba\u00fal y de seguros\u2022 el\u00e9ctricos.\u2022 Opci\u00f3n de manejo de bloqueo inteligente sin m\u00f3dulo adicional.\u2022 Salida auxiliar programable. Activaci\u00f3n autom\u00e1tica programable. Rearmado programable.\u2022 Aprendizaje de controles.\u2022 Manejo de seguros desde el m\u00f3dulo con pulsador. * Eliminaci\u00f3n temporal del sensor de golpe y\/o se\u00f1al de vidrios. Memoria de disparo.\u2022 F\u00e1cil programaci\u00f3n de funciones por control remoto. Funciones de b\u00fasqueda y valet.\u2022 Apagado del veh\u00edculo por puerta del conductor programable.\u2022 Inmovilizador programable.\u2022 Activaci\u00f3n autom\u00e1tica. Operaci\u00f3n manual del sistema. Memoria de funciones.\u2022 Salida de vidrios con funci\u00f3n de seguridad. Funci\u00f3n de cajuela el\u00e9ctrica con relevo interno.\" \/>\n<meta name=\"robots\" content=\"index, follow, max-snippet:-1, max-image-preview:large, max-video-preview:-1\" \/>\n<link rel=\"canonical\" href=\"https:\/\/www.totalservice.com.co\/?product=ut-5000-doble-via\" \/>\n<meta property=\"og:locale\" content=\"es_ES\" \/>\n<meta property=\"og:type\" content=\"article\" \/>\n<meta property=\"og:title\" content=\"UT 5000 Doble via - Total Service Car Audio\" \/>\n<meta property=\"og:description\" content=\"Sistema de seguridad para veh\u00edculos con monitoreo en tiempo real, que env\u00eda se\u00f1ales de alarma al control remoto a distancias de hasta 400 metros.Caracter\u00edsticas Principales: \u2022 Monitoreo del veh\u00edculo en tiempo real.\u2022 Distancia de transmisi\u00f3n del veh\u00edculo al control remoto de hasta 400 metros.\u2022 Indicador LCD en el control remoto que informa los eventos\u2022 del veh\u00edculo.\u2022 Manejo Inteligente de la apertura de ba\u00fal y de seguros\u2022 el\u00e9ctricos.\u2022 Opci\u00f3n de manejo de bloqueo inteligente sin m\u00f3dulo adicional.\u2022 Salida auxiliar programable. Activaci\u00f3n autom\u00e1tica programable. Rearmado programable.\u2022 Aprendizaje de controles.\u2022 Manejo de seguros desde el m\u00f3dulo con pulsador. * Eliminaci\u00f3n temporal del sensor de golpe y\/o se\u00f1al de vidrios. Memoria de disparo.\u2022 F\u00e1cil programaci\u00f3n de funciones por control remoto. Funciones de b\u00fasqueda y valet.\u2022 Apagado del veh\u00edculo por puerta del conductor programable.\u2022 Inmovilizador programable.\u2022 Activaci\u00f3n autom\u00e1tica. Operaci\u00f3n manual del sistema. Memoria de funciones.\u2022 Salida de vidrios con funci\u00f3n de seguridad. Funci\u00f3n de cajuela el\u00e9ctrica con relevo interno.\" \/>\n<meta property=\"og:url\" content=\"https:\/\/www.totalservice.com.co\/?product=ut-5000-doble-via\" \/>\n<meta property=\"og:site_name\" content=\"Total Service Car Audio\" \/>\n<meta property=\"article:modified_time\" content=\"2024-01-18T20:05:27+00:00\" \/>\n<meta property=\"og:image\" content=\"https:\/\/www.totalservice.com.co\/wp-content\/uploads\/2023\/01\/Control-UT5000-bateria-fondo-blanco-1.png\" \/>\n\t<meta property=\"og:image:width\" content=\"2400\" \/>\n\t<meta property=\"og:image:height\" content=\"2400\" \/>\n\t<meta property=\"og:image:type\" content=\"image\/png\" \/>\n<meta name=\"twitter:card\" content=\"summary_large_image\" \/>\n<meta name=\"twitter:label1\" content=\"Tiempo de lectura\" \/>\n\t<meta name=\"twitter:data1\" content=\"1 minuto\" \/>\n<script type=\"application\/ld+json\" class=\"yoast-schema-graph\">{\"@context\":\"https:\/\/schema.org\",\"@graph\":[{\"@type\":\"WebPage\",\"@id\":\"https:\/\/www.totalservice.com.co\/?product=ut-5000-doble-via\",\"url\":\"https:\/\/www.totalservice.com.co\/?product=ut-5000-doble-via\",\"name\":\"UT 5000 Doble via - Total Service Car Audio\",\"isPartOf\":{\"@id\":\"https:\/\/www.totalservice.com.co\/#website\"},\"primaryImageOfPage\":{\"@id\":\"https:\/\/www.totalservice.com.co\/?product=ut-5000-doble-via#primaryimage\"},\"image\":{\"@id\":\"https:\/\/www.totalservice.com.co\/?product=ut-5000-doble-via#primaryimage\"},\"thumbnailUrl\":\"https:\/\/www.totalservice.com.co\/wp-content\/uploads\/2023\/01\/Control-UT5000-bateria-fondo-blanco-1.png\",\"datePublished\":\"2023-01-17T17:54:44+00:00\",\"dateModified\":\"2024-01-18T20:05:27+00:00\",\"description\":\"Sistema de seguridad para veh\u00edculos con monitoreo en tiempo real, que env\u00eda se\u00f1ales de alarma al control remoto a distancias de hasta 400 metros.Caracter\u00edsticas Principales: \u2022 Monitoreo del veh\u00edculo en tiempo real.\u2022 Distancia de transmisi\u00f3n del veh\u00edculo al control remoto de hasta 400 metros.\u2022 Indicador LCD en el control remoto que informa los eventos\u2022 del veh\u00edculo.\u2022 Manejo Inteligente de la apertura de ba\u00fal y de seguros\u2022 el\u00e9ctricos.\u2022 Opci\u00f3n de manejo de bloqueo inteligente sin m\u00f3dulo adicional.\u2022 Salida auxiliar programable. Activaci\u00f3n autom\u00e1tica programable. Rearmado programable.\u2022 Aprendizaje de controles.\u2022 Manejo de seguros desde el m\u00f3dulo con pulsador. * Eliminaci\u00f3n temporal del sensor de golpe y\/o se\u00f1al de vidrios. Memoria de disparo.\u2022 F\u00e1cil programaci\u00f3n de funciones por control remoto. Funciones de b\u00fasqueda y valet.\u2022 Apagado del veh\u00edculo por puerta del conductor programable.\u2022 Inmovilizador programable.\u2022 Activaci\u00f3n autom\u00e1tica. Operaci\u00f3n manual del sistema. Memoria de funciones.\u2022 Salida de vidrios con funci\u00f3n de seguridad. Funci\u00f3n de cajuela el\u00e9ctrica con relevo interno.\",\"breadcrumb\":{\"@id\":\"https:\/\/www.totalservice.com.co\/?product=ut-5000-doble-via#breadcrumb\"},\"inLanguage\":\"es\",\"potentialAction\":[{\"@type\":\"ReadAction\",\"target\":[\"https:\/\/www.totalservice.com.co\/?product=ut-5000-doble-via\"]}]},{\"@type\":\"ImageObject\",\"inLanguage\":\"es\",\"@id\":\"https:\/\/www.totalservice.com.co\/?product=ut-5000-doble-via#primaryimage\",\"url\":\"https:\/\/www.totalservice.com.co\/wp-content\/uploads\/2023\/01\/Control-UT5000-bateria-fondo-blanco-1.png\",\"contentUrl\":\"https:\/\/www.totalservice.com.co\/wp-content\/uploads\/2023\/01\/Control-UT5000-bateria-fondo-blanco-1.png\",\"width\":2400,\"height\":2400},{\"@type\":\"BreadcrumbList\",\"@id\":\"https:\/\/www.totalservice.com.co\/?product=ut-5000-doble-via#breadcrumb\",\"itemListElement\":[{\"@type\":\"ListItem\",\"position\":1,\"name\":\"Portada\",\"item\":\"https:\/\/www.totalservice.com.co\/\"},{\"@type\":\"ListItem\",\"position\":2,\"name\":\"Tienda\",\"item\":\"https:\/\/www.totalservice.com.co\/?page_id=2019\"},{\"@type\":\"ListItem\",\"position\":3,\"name\":\"UT 5000 Doble via\"}]},{\"@type\":\"WebSite\",\"@id\":\"https:\/\/www.totalservice.com.co\/#website\",\"url\":\"https:\/\/www.totalservice.com.co\/\",\"name\":\"Total Service Car Audio\",\"description\":\"Tienda Online de Accesorios para Veh\u00edculos\",\"publisher\":{\"@id\":\"https:\/\/www.totalservice.com.co\/#organization\"},\"potentialAction\":[{\"@type\":\"SearchAction\",\"target\":{\"@type\":\"EntryPoint\",\"urlTemplate\":\"https:\/\/www.totalservice.com.co\/?s={search_term_string}\"},\"query-input\":{\"@type\":\"PropertyValueSpecification\",\"valueRequired\":true,\"valueName\":\"search_term_string\"}}],\"inLanguage\":\"es\"},{\"@type\":\"Organization\",\"@id\":\"https:\/\/www.totalservice.com.co\/#organization\",\"name\":\"Total Service Car Audio\",\"url\":\"https:\/\/www.totalservice.com.co\/\",\"logo\":{\"@type\":\"ImageObject\",\"inLanguage\":\"es\",\"@id\":\"https:\/\/www.totalservice.com.co\/#\/schema\/logo\/image\/\",\"url\":\"https:\/\/www.totalservice.com.co\/wp-content\/uploads\/2022\/08\/cropped-cropped-cropped-logo-total-service-02-3.png\",\"contentUrl\":\"https:\/\/www.totalservice.com.co\/wp-content\/uploads\/2022\/08\/cropped-cropped-cropped-logo-total-service-02-3.png\",\"width\":2251,\"height\":750,\"caption\":\"Total Service Car Audio\"},\"image\":{\"@id\":\"https:\/\/www.totalservice.com.co\/#\/schema\/logo\/image\/\"}}]}<\/script>\n<!-- \/ Yoast SEO plugin. -->","yoast_head_json":{"title":"UT 5000 Doble via - Total Service Car Audio","description":"Sistema de seguridad para veh\u00edculos con monitoreo en tiempo real, que env\u00eda se\u00f1ales de alarma al control remoto a distancias de hasta 400 metros.Caracter\u00edsticas Principales: \u2022 Monitoreo del veh\u00edculo en tiempo real.\u2022 Distancia de transmisi\u00f3n del veh\u00edculo al control remoto de hasta 400 metros.\u2022 Indicador LCD en el control remoto que informa los eventos\u2022 del veh\u00edculo.\u2022 Manejo Inteligente de la apertura de ba\u00fal y de seguros\u2022 el\u00e9ctricos.\u2022 Opci\u00f3n de manejo de bloqueo inteligente sin m\u00f3dulo adicional.\u2022 Salida auxiliar programable. Activaci\u00f3n autom\u00e1tica programable. Rearmado programable.\u2022 Aprendizaje de controles.\u2022 Manejo de seguros desde el m\u00f3dulo con pulsador. * Eliminaci\u00f3n temporal del sensor de golpe y\/o se\u00f1al de vidrios. Memoria de disparo.\u2022 F\u00e1cil programaci\u00f3n de funciones por control remoto. Funciones de b\u00fasqueda y valet.\u2022 Apagado del veh\u00edculo por puerta del conductor programable.\u2022 Inmovilizador programable.\u2022 Activaci\u00f3n autom\u00e1tica. Operaci\u00f3n manual del sistema. Memoria de funciones.\u2022 Salida de vidrios con funci\u00f3n de seguridad. Funci\u00f3n de cajuela el\u00e9ctrica con relevo interno.","robots":{"index":"index","follow":"follow","max-snippet":"max-snippet:-1","max-image-preview":"max-image-preview:large","max-video-preview":"max-video-preview:-1"},"canonical":"https:\/\/www.totalservice.com.co\/?product=ut-5000-doble-via","og_locale":"es_ES","og_type":"article","og_title":"UT 5000 Doble via - Total Service Car Audio","og_description":"Sistema de seguridad para veh\u00edculos con monitoreo en tiempo real, que env\u00eda se\u00f1ales de alarma al control remoto a distancias de hasta 400 metros.Caracter\u00edsticas Principales: \u2022 Monitoreo del veh\u00edculo en tiempo real.\u2022 Distancia de transmisi\u00f3n del veh\u00edculo al control remoto de hasta 400 metros.\u2022 Indicador LCD en el control remoto que informa los eventos\u2022 del veh\u00edculo.\u2022 Manejo Inteligente de la apertura de ba\u00fal y de seguros\u2022 el\u00e9ctricos.\u2022 Opci\u00f3n de manejo de bloqueo inteligente sin m\u00f3dulo adicional.\u2022 Salida auxiliar programable. Activaci\u00f3n autom\u00e1tica programable. Rearmado programable.\u2022 Aprendizaje de controles.\u2022 Manejo de seguros desde el m\u00f3dulo con pulsador. * Eliminaci\u00f3n temporal del sensor de golpe y\/o se\u00f1al de vidrios. Memoria de disparo.\u2022 F\u00e1cil programaci\u00f3n de funciones por control remoto. Funciones de b\u00fasqueda y valet.\u2022 Apagado del veh\u00edculo por puerta del conductor programable.\u2022 Inmovilizador programable.\u2022 Activaci\u00f3n autom\u00e1tica. Operaci\u00f3n manual del sistema. Memoria de funciones.\u2022 Salida de vidrios con funci\u00f3n de seguridad. Funci\u00f3n de cajuela el\u00e9ctrica con relevo interno.","og_url":"https:\/\/www.totalservice.com.co\/?product=ut-5000-doble-via","og_site_name":"Total Service Car Audio","article_modified_time":"2024-01-18T20:05:27+00:00","og_image":[{"width":2400,"height":2400,"url":"https:\/\/www.totalservice.com.co\/wp-content\/uploads\/2023\/01\/Control-UT5000-bateria-fondo-blanco-1.png","type":"image\/png"}],"twitter_card":"summary_large_image","twitter_misc":{"Tiempo de lectura":"1 minuto"},"schema":{"@context":"https:\/\/schema.org","@graph":[{"@type":"WebPage","@id":"https:\/\/www.totalservice.com.co\/?product=ut-5000-doble-via","url":"https:\/\/www.totalservice.com.co\/?product=ut-5000-doble-via","name":"UT 5000 Doble via - Total Service Car Audio","isPartOf":{"@id":"https:\/\/www.totalservice.com.co\/#website"},"primaryImageOfPage":{"@id":"https:\/\/www.totalservice.com.co\/?product=ut-5000-doble-via#primaryimage"},"image":{"@id":"https:\/\/www.totalservice.com.co\/?product=ut-5000-doble-via#primaryimage"},"thumbnailUrl":"https:\/\/www.totalservice.com.co\/wp-content\/uploads\/2023\/01\/Control-UT5000-bateria-fondo-blanco-1.png","datePublished":"2023-01-17T17:54:44+00:00","dateModified":"2024-01-18T20:05:27+00:00","description":"Sistema de seguridad para veh\u00edculos con monitoreo en tiempo real, que env\u00eda se\u00f1ales de alarma al control remoto a distancias de hasta 400 metros.Caracter\u00edsticas Principales: \u2022 Monitoreo del veh\u00edculo en tiempo real.\u2022 Distancia de transmisi\u00f3n del veh\u00edculo al control remoto de hasta 400 metros.\u2022 Indicador LCD en el control remoto que informa los eventos\u2022 del veh\u00edculo.\u2022 Manejo Inteligente de la apertura de ba\u00fal y de seguros\u2022 el\u00e9ctricos.\u2022 Opci\u00f3n de manejo de bloqueo inteligente sin m\u00f3dulo adicional.\u2022 Salida auxiliar programable. Activaci\u00f3n autom\u00e1tica programable. Rearmado programable.\u2022 Aprendizaje de controles.\u2022 Manejo de seguros desde el m\u00f3dulo con pulsador. * Eliminaci\u00f3n temporal del sensor de golpe y\/o se\u00f1al de vidrios. Memoria de disparo.\u2022 F\u00e1cil programaci\u00f3n de funciones por control remoto. Funciones de b\u00fasqueda y valet.\u2022 Apagado del veh\u00edculo por puerta del conductor programable.\u2022 Inmovilizador programable.\u2022 Activaci\u00f3n autom\u00e1tica. Operaci\u00f3n manual del sistema. Memoria de funciones.\u2022 Salida de vidrios con funci\u00f3n de seguridad. Funci\u00f3n de cajuela el\u00e9ctrica con relevo interno.","breadcrumb":{"@id":"https:\/\/www.totalservice.com.co\/?product=ut-5000-doble-via#breadcrumb"},"inLanguage":"es","potentialAction":[{"@type":"ReadAction","target":["https:\/\/www.totalservice.com.co\/?product=ut-5000-doble-via"]}]},{"@type":"ImageObject","inLanguage":"es","@id":"https:\/\/www.totalservice.com.co\/?product=ut-5000-doble-via#primaryimage","url":"https:\/\/www.totalservice.com.co\/wp-content\/uploads\/2023\/01\/Control-UT5000-bateria-fondo-blanco-1.png","contentUrl":"https:\/\/www.totalservice.com.co\/wp-content\/uploads\/2023\/01\/Control-UT5000-bateria-fondo-blanco-1.png","width":2400,"height":2400},{"@type":"BreadcrumbList","@id":"https:\/\/www.totalservice.com.co\/?product=ut-5000-doble-via#breadcrumb","itemListElement":[{"@type":"ListItem","position":1,"name":"Portada","item":"https:\/\/www.totalservice.com.co\/"},{"@type":"ListItem","position":2,"name":"Tienda","item":"https:\/\/www.totalservice.com.co\/?page_id=2019"},{"@type":"ListItem","position":3,"name":"UT 5000 Doble via"}]},{"@type":"WebSite","@id":"https:\/\/www.totalservice.com.co\/#website","url":"https:\/\/www.totalservice.com.co\/","name":"Total Service Car Audio","description":"Tienda Online de Accesorios para Veh\u00edculos","publisher":{"@id":"https:\/\/www.totalservice.com.co\/#organization"},"potentialAction":[{"@type":"SearchAction","target":{"@type":"EntryPoint","urlTemplate":"https:\/\/www.totalservice.com.co\/?s={search_term_string}"},"query-input":{"@type":"PropertyValueSpecification","valueRequired":true,"valueName":"search_term_string"}}],"inLanguage":"es"},{"@type":"Organization","@id":"https:\/\/www.totalservice.com.co\/#organization","name":"Total Service Car Audio","url":"https:\/\/www.totalservice.com.co\/","logo":{"@type":"ImageObject","inLanguage":"es","@id":"https:\/\/www.totalservice.com.co\/#\/schema\/logo\/image\/","url":"https:\/\/www.totalservice.com.co\/wp-content\/uploads\/2022\/08\/cropped-cropped-cropped-logo-total-service-02-3.png","contentUrl":"https:\/\/www.totalservice.com.co\/wp-content\/uploads\/2022\/08\/cropped-cropped-cropped-logo-total-service-02-3.png","width":2251,"height":750,"caption":"Total Service Car Audio"},"image":{"@id":"https:\/\/www.totalservice.com.co\/#\/schema\/logo\/image\/"}}]}},"_links":{"self":[{"href":"https:\/\/www.totalservice.com.co\/index.php?rest_route=\/wp\/v2\/product\/1063","targetHints":{"allow":["GET"]}}],"collection":[{"href":"https:\/\/www.totalservice.com.co\/index.php?rest_route=\/wp\/v2\/product"}],"about":[{"href":"https:\/\/www.totalservice.com.co\/index.php?rest_route=\/wp\/v2\/types\/product"}],"wp:featuredmedia":[{"embeddable":true,"href":"https:\/\/www.totalservice.com.co\/index.php?rest_route=\/wp\/v2\/media\/2324"}],"wp:attachment":[{"href":"https:\/\/www.totalservice.com.co\/index.php?rest_route=%2Fwp%2Fv2%2Fmedia&parent=1063"}],"wp:term":[{"taxonomy":"product_brand","embeddable":true,"href":"https:\/\/www.totalservice.com.co\/index.php?rest_route=%2Fwp%2Fv2%2Fproduct_brand&post=1063"},{"taxonomy":"product_cat","embeddable":true,"href":"https:\/\/www.totalservice.com.co\/index.php?rest_route=%2Fwp%2Fv2%2Fproduct_cat&post=1063"},{"taxonomy":"product_tag","embeddable":true,"href":"https:\/\/www.totalservice.com.co\/index.php?rest_route=%2Fwp%2Fv2%2Fproduct_tag&post=1063"}],"curies":[{"name":"wp","href":"https:\/\/api.w.org\/{rel}","templated":true}]}}