{"id":1042,"date":"2023-01-17T16:57:22","date_gmt":"2023-01-17T16:57:22","guid":{"rendered":"https:\/\/www.totalservice.com.co\/?post_type=product&#038;p=1042"},"modified":"2024-01-18T15:30:07","modified_gmt":"2024-01-18T15:30:07","slug":"1042","status":"publish","type":"product","link":"https:\/\/www.totalservice.com.co\/?product=1042","title":{"rendered":"UltraCom"},"content":{"rendered":"<h2>Caracter\u00edsticas Principales:<\/h2>\n<ul>\n<li>El sistema permite conectar simult\u00e1neamente los intercomunicadores a la vez con el celular sin afectar la comunicaci\u00f3n entre piloto &#8211; pasajero.<\/li>\n<li>Al recibir una llamada se desconecta temporalmente la funci\u00f3n de intercomunicaci\u00f3n; Al terminar la llamada se retoma la funci\u00f3n de intercomunicador autom\u00e1ticamente. Doble speaker (stereo) para mejor calidad de audio.<\/li>\n<li>El sistema permite utilizar multimedia, escuchar m\u00fasica, navegaci\u00f3n GPS, entre otros.<\/li>\n<\/ul>\n<p>&nbsp;<\/p>\n<h2>Especificaciones T\u00e9cnicas:<\/h2>\n<ul>\n<li>Versi\u00f3n de bluetooth: 4.1.<\/li>\n<li>Distancia operaci\u00f3n: 8mts intercom &#8211; celular, 100 mts entre intercoms.<\/li>\n<li>Bater\u00eda: 450mAh.<\/li>\n<li>Duraci\u00f3n en standby: 5 d\u00edas.<\/li>\n<li>Duraci\u00f3n de bater\u00eda en multimedia: 15h. Duraci\u00f3n de bater\u00eda en intercom: 8h.<\/li>\n<li>Tiempo de carga: 2.5 Horas. Fuente de carga: 5VDC 500mA<\/li>\n<\/ul>\n","protected":false},"excerpt":{"rendered":"<p>Con el UltraCom escucha las instrucciones del GPS de tu tel\u00e9fono, recibe tus llamadas sin afectar la comunicaci\u00f3n con tu copiloto e intercomun\u00edcate con tu copiloto mientras conduces.<\/p>\n<p>&nbsp;<\/p>\n","protected":false},"featured_media":2154,"template":"","meta":{"site-sidebar-layout":"default","site-content-layout":"default","ast-site-content-layout":"default","site-content-style":"default","site-sidebar-style":"default","ast-global-header-display":"","ast-banner-title-visibility":"","ast-main-header-display":"","ast-hfb-above-header-display":"","ast-hfb-below-header-display":"","ast-hfb-mobile-header-display":"","site-post-title":"","ast-breadcrumbs-content":"","ast-featured-img":"","footer-sml-layout":"","ast-disable-related-posts":"","theme-transparent-header-meta":"default","adv-header-id-meta":"","stick-header-meta":"","header-above-stick-meta":"","header-main-stick-meta":"","header-below-stick-meta":"","astra-migrate-meta-layouts":"default","ast-page-background-enabled":"default","ast-page-background-meta":{"desktop":{"background-color":"","background-image":"","background-repeat":"repeat","background-position":"center center","background-size":"auto","background-attachment":"scroll","background-type":"","background-media":"","overlay-type":"","overlay-color":"","overlay-opacity":"","overlay-gradient":""},"tablet":{"background-color":"","background-image":"","background-repeat":"repeat","background-position":"center center","background-size":"auto","background-attachment":"scroll","background-type":"","background-media":"","overlay-type":"","overlay-color":"","overlay-opacity":"","overlay-gradient":""},"mobile":{"background-color":"","background-image":"","background-repeat":"repeat","background-position":"center center","background-size":"auto","background-attachment":"scroll","background-type":"","background-media":"","overlay-type":"","overlay-color":"","overlay-opacity":"","overlay-gradient":""}},"ast-content-background-meta":{"desktop":{"background-color":"var(--ast-global-color-5)","background-image":"","background-repeat":"repeat","background-position":"center center","background-size":"auto","background-attachment":"scroll","background-type":"","background-media":"","overlay-type":"","overlay-color":"","overlay-opacity":"","overlay-gradient":""},"tablet":{"background-color":"var(--ast-global-color-5)","background-image":"","background-repeat":"repeat","background-position":"center center","background-size":"auto","background-attachment":"scroll","background-type":"","background-media":"","overlay-type":"","overlay-color":"","overlay-opacity":"","overlay-gradient":""},"mobile":{"background-color":"var(--ast-global-color-5)","background-image":"","background-repeat":"repeat","background-position":"center center","background-size":"auto","background-attachment":"scroll","background-type":"","background-media":"","overlay-type":"","overlay-color":"","overlay-opacity":"","overlay-gradient":""}}},"product_brand":[],"product_cat":[124,34],"product_tag":[],"class_list":{"0":"post-1042","1":"product","2":"type-product","3":"status-publish","4":"has-post-thumbnail","6":"product_cat-accesorios-motos","7":"product_cat-motos","8":"desktop-align-left","9":"tablet-align-left","10":"mobile-align-left","12":"first","13":"instock","14":"shipping-taxable","15":"purchasable","16":"product-type-simple"},"yoast_head":"<!-- This site is optimized with the Yoast SEO plugin v26.7 - https:\/\/yoast.com\/wordpress\/plugins\/seo\/ -->\n<title>UltraCom - Total Service Car Audio<\/title>\n<meta name=\"description\" content=\"Con el Ultra COM escucha las instrucciones del GPS de tu tel\u00e9fono, recibe tus llamadas sin afectar la comunicaci\u00f3n con tu copiloto e intercomun\u00edcate con tu copiloto mientras conduces. Caracter\u00edsticas Principales: El sistema permite conectar simult\u00e1neamente los intercomunicadores a la vez con el celular sin afectar la comunicaci\u00f3n entre piloto - pasajero. Al recibir una llamada se desconecta temporalmente la funci\u00f3n de intercomunicaci\u00f3n; Al terminar la llamada se retoma la funci\u00f3n de intercomunicador autom\u00e1ticamente. Doble speaker (est\u00e9reo) para mejor calidad de audio. El sistema permite utilizar multimedia, escuchar m\u00fasica, navegaci\u00f3n GPS, entre otros. Especificaciones T\u00e9cnicas: Versi\u00f3n de bluetooth: 4.1.Distancia operaci\u00f3n: 8mts intercom - celular, 100 mts entre intercoms. Bater\u00eda: 450mAh.Duraci\u00f3n en standby: 5 d\u00edas. Duraci\u00f3n de bater\u00eda en multimedia: 15h. Duraci\u00f3n de bater\u00eda en intercom: 8h.Tiempo de carga: 2.5 Horas. Fuente de carga: 5VDC 500mA\" \/>\n<meta name=\"robots\" content=\"index, follow, max-snippet:-1, max-image-preview:large, max-video-preview:-1\" \/>\n<link rel=\"canonical\" href=\"https:\/\/www.totalservice.com.co\/?product=1042\" \/>\n<meta property=\"og:locale\" content=\"es_ES\" \/>\n<meta property=\"og:type\" content=\"article\" \/>\n<meta property=\"og:title\" content=\"UltraCom - Total Service Car Audio\" \/>\n<meta property=\"og:description\" content=\"Con el Ultra COM escucha las instrucciones del GPS de tu tel\u00e9fono, recibe tus llamadas sin afectar la comunicaci\u00f3n con tu copiloto e intercomun\u00edcate con tu copiloto mientras conduces. Caracter\u00edsticas Principales: El sistema permite conectar simult\u00e1neamente los intercomunicadores a la vez con el celular sin afectar la comunicaci\u00f3n entre piloto - pasajero. Al recibir una llamada se desconecta temporalmente la funci\u00f3n de intercomunicaci\u00f3n; Al terminar la llamada se retoma la funci\u00f3n de intercomunicador autom\u00e1ticamente. Doble speaker (est\u00e9reo) para mejor calidad de audio. El sistema permite utilizar multimedia, escuchar m\u00fasica, navegaci\u00f3n GPS, entre otros. Especificaciones T\u00e9cnicas: Versi\u00f3n de bluetooth: 4.1.Distancia operaci\u00f3n: 8mts intercom - celular, 100 mts entre intercoms. Bater\u00eda: 450mAh.Duraci\u00f3n en standby: 5 d\u00edas. Duraci\u00f3n de bater\u00eda en multimedia: 15h. Duraci\u00f3n de bater\u00eda en intercom: 8h.Tiempo de carga: 2.5 Horas. Fuente de carga: 5VDC 500mA\" \/>\n<meta property=\"og:url\" content=\"https:\/\/www.totalservice.com.co\/?product=1042\" \/>\n<meta property=\"og:site_name\" content=\"Total Service Car Audio\" \/>\n<meta property=\"article:modified_time\" content=\"2024-01-18T15:30:07+00:00\" \/>\n<meta property=\"og:image\" content=\"https:\/\/www.totalservice.com.co\/wp-content\/uploads\/2023\/01\/Ultracom-con-fondo-blanco.png\" \/>\n\t<meta property=\"og:image:width\" content=\"2400\" \/>\n\t<meta property=\"og:image:height\" content=\"2400\" \/>\n\t<meta property=\"og:image:type\" content=\"image\/png\" \/>\n<meta name=\"twitter:card\" content=\"summary_large_image\" \/>\n<meta name=\"twitter:label1\" content=\"Tiempo de lectura\" \/>\n\t<meta name=\"twitter:data1\" content=\"1 minuto\" \/>\n<script type=\"application\/ld+json\" class=\"yoast-schema-graph\">{\"@context\":\"https:\/\/schema.org\",\"@graph\":[{\"@type\":\"WebPage\",\"@id\":\"https:\/\/www.totalservice.com.co\/?product=1042\",\"url\":\"https:\/\/www.totalservice.com.co\/?product=1042\",\"name\":\"UltraCom - Total Service Car Audio\",\"isPartOf\":{\"@id\":\"https:\/\/www.totalservice.com.co\/#website\"},\"primaryImageOfPage\":{\"@id\":\"https:\/\/www.totalservice.com.co\/?product=1042#primaryimage\"},\"image\":{\"@id\":\"https:\/\/www.totalservice.com.co\/?product=1042#primaryimage\"},\"thumbnailUrl\":\"https:\/\/www.totalservice.com.co\/wp-content\/uploads\/2023\/01\/Ultracom-con-fondo-blanco.png\",\"datePublished\":\"2023-01-17T16:57:22+00:00\",\"dateModified\":\"2024-01-18T15:30:07+00:00\",\"description\":\"Con el Ultra COM escucha las instrucciones del GPS de tu tel\u00e9fono, recibe tus llamadas sin afectar la comunicaci\u00f3n con tu copiloto e intercomun\u00edcate con tu copiloto mientras conduces. Caracter\u00edsticas Principales: El sistema permite conectar simult\u00e1neamente los intercomunicadores a la vez con el celular sin afectar la comunicaci\u00f3n entre piloto - pasajero. Al recibir una llamada se desconecta temporalmente la funci\u00f3n de intercomunicaci\u00f3n; Al terminar la llamada se retoma la funci\u00f3n de intercomunicador autom\u00e1ticamente. Doble speaker (est\u00e9reo) para mejor calidad de audio. El sistema permite utilizar multimedia, escuchar m\u00fasica, navegaci\u00f3n GPS, entre otros. Especificaciones T\u00e9cnicas: Versi\u00f3n de bluetooth: 4.1.Distancia operaci\u00f3n: 8mts intercom - celular, 100 mts entre intercoms. Bater\u00eda: 450mAh.Duraci\u00f3n en standby: 5 d\u00edas. Duraci\u00f3n de bater\u00eda en multimedia: 15h. Duraci\u00f3n de bater\u00eda en intercom: 8h.Tiempo de carga: 2.5 Horas. Fuente de carga: 5VDC 500mA\",\"breadcrumb\":{\"@id\":\"https:\/\/www.totalservice.com.co\/?product=1042#breadcrumb\"},\"inLanguage\":\"es\",\"potentialAction\":[{\"@type\":\"ReadAction\",\"target\":[\"https:\/\/www.totalservice.com.co\/?product=1042\"]}]},{\"@type\":\"ImageObject\",\"inLanguage\":\"es\",\"@id\":\"https:\/\/www.totalservice.com.co\/?product=1042#primaryimage\",\"url\":\"https:\/\/www.totalservice.com.co\/wp-content\/uploads\/2023\/01\/Ultracom-con-fondo-blanco.png\",\"contentUrl\":\"https:\/\/www.totalservice.com.co\/wp-content\/uploads\/2023\/01\/Ultracom-con-fondo-blanco.png\",\"width\":2400,\"height\":2400},{\"@type\":\"BreadcrumbList\",\"@id\":\"https:\/\/www.totalservice.com.co\/?product=1042#breadcrumb\",\"itemListElement\":[{\"@type\":\"ListItem\",\"position\":1,\"name\":\"Portada\",\"item\":\"https:\/\/www.totalservice.com.co\/\"},{\"@type\":\"ListItem\",\"position\":2,\"name\":\"Tienda\",\"item\":\"https:\/\/www.totalservice.com.co\/?page_id=2019\"},{\"@type\":\"ListItem\",\"position\":3,\"name\":\"UltraCom\"}]},{\"@type\":\"WebSite\",\"@id\":\"https:\/\/www.totalservice.com.co\/#website\",\"url\":\"https:\/\/www.totalservice.com.co\/\",\"name\":\"Total Service Car Audio\",\"description\":\"Tienda Online de Accesorios para Veh\u00edculos\",\"publisher\":{\"@id\":\"https:\/\/www.totalservice.com.co\/#organization\"},\"potentialAction\":[{\"@type\":\"SearchAction\",\"target\":{\"@type\":\"EntryPoint\",\"urlTemplate\":\"https:\/\/www.totalservice.com.co\/?s={search_term_string}\"},\"query-input\":{\"@type\":\"PropertyValueSpecification\",\"valueRequired\":true,\"valueName\":\"search_term_string\"}}],\"inLanguage\":\"es\"},{\"@type\":\"Organization\",\"@id\":\"https:\/\/www.totalservice.com.co\/#organization\",\"name\":\"Total Service Car Audio\",\"url\":\"https:\/\/www.totalservice.com.co\/\",\"logo\":{\"@type\":\"ImageObject\",\"inLanguage\":\"es\",\"@id\":\"https:\/\/www.totalservice.com.co\/#\/schema\/logo\/image\/\",\"url\":\"https:\/\/www.totalservice.com.co\/wp-content\/uploads\/2022\/08\/cropped-cropped-cropped-logo-total-service-02-3.png\",\"contentUrl\":\"https:\/\/www.totalservice.com.co\/wp-content\/uploads\/2022\/08\/cropped-cropped-cropped-logo-total-service-02-3.png\",\"width\":2251,\"height\":750,\"caption\":\"Total Service Car Audio\"},\"image\":{\"@id\":\"https:\/\/www.totalservice.com.co\/#\/schema\/logo\/image\/\"}}]}<\/script>\n<!-- \/ Yoast SEO plugin. -->","yoast_head_json":{"title":"UltraCom - Total Service Car Audio","description":"Con el Ultra COM escucha las instrucciones del GPS de tu tel\u00e9fono, recibe tus llamadas sin afectar la comunicaci\u00f3n con tu copiloto e intercomun\u00edcate con tu copiloto mientras conduces. Caracter\u00edsticas Principales: El sistema permite conectar simult\u00e1neamente los intercomunicadores a la vez con el celular sin afectar la comunicaci\u00f3n entre piloto - pasajero. Al recibir una llamada se desconecta temporalmente la funci\u00f3n de intercomunicaci\u00f3n; Al terminar la llamada se retoma la funci\u00f3n de intercomunicador autom\u00e1ticamente. Doble speaker (est\u00e9reo) para mejor calidad de audio. El sistema permite utilizar multimedia, escuchar m\u00fasica, navegaci\u00f3n GPS, entre otros. Especificaciones T\u00e9cnicas: Versi\u00f3n de bluetooth: 4.1.Distancia operaci\u00f3n: 8mts intercom - celular, 100 mts entre intercoms. Bater\u00eda: 450mAh.Duraci\u00f3n en standby: 5 d\u00edas. Duraci\u00f3n de bater\u00eda en multimedia: 15h. Duraci\u00f3n de bater\u00eda en intercom: 8h.Tiempo de carga: 2.5 Horas. Fuente de carga: 5VDC 500mA","robots":{"index":"index","follow":"follow","max-snippet":"max-snippet:-1","max-image-preview":"max-image-preview:large","max-video-preview":"max-video-preview:-1"},"canonical":"https:\/\/www.totalservice.com.co\/?product=1042","og_locale":"es_ES","og_type":"article","og_title":"UltraCom - Total Service Car Audio","og_description":"Con el Ultra COM escucha las instrucciones del GPS de tu tel\u00e9fono, recibe tus llamadas sin afectar la comunicaci\u00f3n con tu copiloto e intercomun\u00edcate con tu copiloto mientras conduces. Caracter\u00edsticas Principales: El sistema permite conectar simult\u00e1neamente los intercomunicadores a la vez con el celular sin afectar la comunicaci\u00f3n entre piloto - pasajero. Al recibir una llamada se desconecta temporalmente la funci\u00f3n de intercomunicaci\u00f3n; Al terminar la llamada se retoma la funci\u00f3n de intercomunicador autom\u00e1ticamente. Doble speaker (est\u00e9reo) para mejor calidad de audio. El sistema permite utilizar multimedia, escuchar m\u00fasica, navegaci\u00f3n GPS, entre otros. Especificaciones T\u00e9cnicas: Versi\u00f3n de bluetooth: 4.1.Distancia operaci\u00f3n: 8mts intercom - celular, 100 mts entre intercoms. Bater\u00eda: 450mAh.Duraci\u00f3n en standby: 5 d\u00edas. Duraci\u00f3n de bater\u00eda en multimedia: 15h. Duraci\u00f3n de bater\u00eda en intercom: 8h.Tiempo de carga: 2.5 Horas. Fuente de carga: 5VDC 500mA","og_url":"https:\/\/www.totalservice.com.co\/?product=1042","og_site_name":"Total Service Car Audio","article_modified_time":"2024-01-18T15:30:07+00:00","og_image":[{"width":2400,"height":2400,"url":"https:\/\/www.totalservice.com.co\/wp-content\/uploads\/2023\/01\/Ultracom-con-fondo-blanco.png","type":"image\/png"}],"twitter_card":"summary_large_image","twitter_misc":{"Tiempo de lectura":"1 minuto"},"schema":{"@context":"https:\/\/schema.org","@graph":[{"@type":"WebPage","@id":"https:\/\/www.totalservice.com.co\/?product=1042","url":"https:\/\/www.totalservice.com.co\/?product=1042","name":"UltraCom - Total Service Car Audio","isPartOf":{"@id":"https:\/\/www.totalservice.com.co\/#website"},"primaryImageOfPage":{"@id":"https:\/\/www.totalservice.com.co\/?product=1042#primaryimage"},"image":{"@id":"https:\/\/www.totalservice.com.co\/?product=1042#primaryimage"},"thumbnailUrl":"https:\/\/www.totalservice.com.co\/wp-content\/uploads\/2023\/01\/Ultracom-con-fondo-blanco.png","datePublished":"2023-01-17T16:57:22+00:00","dateModified":"2024-01-18T15:30:07+00:00","description":"Con el Ultra COM escucha las instrucciones del GPS de tu tel\u00e9fono, recibe tus llamadas sin afectar la comunicaci\u00f3n con tu copiloto e intercomun\u00edcate con tu copiloto mientras conduces. Caracter\u00edsticas Principales: El sistema permite conectar simult\u00e1neamente los intercomunicadores a la vez con el celular sin afectar la comunicaci\u00f3n entre piloto - pasajero. Al recibir una llamada se desconecta temporalmente la funci\u00f3n de intercomunicaci\u00f3n; Al terminar la llamada se retoma la funci\u00f3n de intercomunicador autom\u00e1ticamente. Doble speaker (est\u00e9reo) para mejor calidad de audio. El sistema permite utilizar multimedia, escuchar m\u00fasica, navegaci\u00f3n GPS, entre otros. Especificaciones T\u00e9cnicas: Versi\u00f3n de bluetooth: 4.1.Distancia operaci\u00f3n: 8mts intercom - celular, 100 mts entre intercoms. Bater\u00eda: 450mAh.Duraci\u00f3n en standby: 5 d\u00edas. Duraci\u00f3n de bater\u00eda en multimedia: 15h. Duraci\u00f3n de bater\u00eda en intercom: 8h.Tiempo de carga: 2.5 Horas. Fuente de carga: 5VDC 500mA","breadcrumb":{"@id":"https:\/\/www.totalservice.com.co\/?product=1042#breadcrumb"},"inLanguage":"es","potentialAction":[{"@type":"ReadAction","target":["https:\/\/www.totalservice.com.co\/?product=1042"]}]},{"@type":"ImageObject","inLanguage":"es","@id":"https:\/\/www.totalservice.com.co\/?product=1042#primaryimage","url":"https:\/\/www.totalservice.com.co\/wp-content\/uploads\/2023\/01\/Ultracom-con-fondo-blanco.png","contentUrl":"https:\/\/www.totalservice.com.co\/wp-content\/uploads\/2023\/01\/Ultracom-con-fondo-blanco.png","width":2400,"height":2400},{"@type":"BreadcrumbList","@id":"https:\/\/www.totalservice.com.co\/?product=1042#breadcrumb","itemListElement":[{"@type":"ListItem","position":1,"name":"Portada","item":"https:\/\/www.totalservice.com.co\/"},{"@type":"ListItem","position":2,"name":"Tienda","item":"https:\/\/www.totalservice.com.co\/?page_id=2019"},{"@type":"ListItem","position":3,"name":"UltraCom"}]},{"@type":"WebSite","@id":"https:\/\/www.totalservice.com.co\/#website","url":"https:\/\/www.totalservice.com.co\/","name":"Total Service Car Audio","description":"Tienda Online de Accesorios para Veh\u00edculos","publisher":{"@id":"https:\/\/www.totalservice.com.co\/#organization"},"potentialAction":[{"@type":"SearchAction","target":{"@type":"EntryPoint","urlTemplate":"https:\/\/www.totalservice.com.co\/?s={search_term_string}"},"query-input":{"@type":"PropertyValueSpecification","valueRequired":true,"valueName":"search_term_string"}}],"inLanguage":"es"},{"@type":"Organization","@id":"https:\/\/www.totalservice.com.co\/#organization","name":"Total Service Car Audio","url":"https:\/\/www.totalservice.com.co\/","logo":{"@type":"ImageObject","inLanguage":"es","@id":"https:\/\/www.totalservice.com.co\/#\/schema\/logo\/image\/","url":"https:\/\/www.totalservice.com.co\/wp-content\/uploads\/2022\/08\/cropped-cropped-cropped-logo-total-service-02-3.png","contentUrl":"https:\/\/www.totalservice.com.co\/wp-content\/uploads\/2022\/08\/cropped-cropped-cropped-logo-total-service-02-3.png","width":2251,"height":750,"caption":"Total Service Car Audio"},"image":{"@id":"https:\/\/www.totalservice.com.co\/#\/schema\/logo\/image\/"}}]}},"_links":{"self":[{"href":"https:\/\/www.totalservice.com.co\/index.php?rest_route=\/wp\/v2\/product\/1042","targetHints":{"allow":["GET"]}}],"collection":[{"href":"https:\/\/www.totalservice.com.co\/index.php?rest_route=\/wp\/v2\/product"}],"about":[{"href":"https:\/\/www.totalservice.com.co\/index.php?rest_route=\/wp\/v2\/types\/product"}],"wp:featuredmedia":[{"embeddable":true,"href":"https:\/\/www.totalservice.com.co\/index.php?rest_route=\/wp\/v2\/media\/2154"}],"wp:attachment":[{"href":"https:\/\/www.totalservice.com.co\/index.php?rest_route=%2Fwp%2Fv2%2Fmedia&parent=1042"}],"wp:term":[{"taxonomy":"product_brand","embeddable":true,"href":"https:\/\/www.totalservice.com.co\/index.php?rest_route=%2Fwp%2Fv2%2Fproduct_brand&post=1042"},{"taxonomy":"product_cat","embeddable":true,"href":"https:\/\/www.totalservice.com.co\/index.php?rest_route=%2Fwp%2Fv2%2Fproduct_cat&post=1042"},{"taxonomy":"product_tag","embeddable":true,"href":"https:\/\/www.totalservice.com.co\/index.php?rest_route=%2Fwp%2Fv2%2Fproduct_tag&post=1042"}],"curies":[{"name":"wp","href":"https:\/\/api.w.org\/{rel}","templated":true}]}}